 divisor of y and b?
4
Suppose -2*c - 2 = 2*b - 4, -3*b = -c + 21. What is the highest common divisor of c and 4?
2
Let o = 42 - 28. What is the greatest common divisor of o and 2?
2
Suppose 0 = -0*d + 3*d - 2*c - 8, 4*d - c - 9 = 0. Suppose -d*i = -0 - 42. Suppose 1 = 2*q - i. Calculate the greatest common divisor of q and 88.
11
Let h = 8 + -3. Suppose 4*f = -3*y - 35, -64 = h*y - 0*y + f. Let j = 4 - y. What is the greatest common divisor of j and 68?
17
Suppose -35 = -o + 4*z, 2*z = 4*o - 2*z - 164. Calculate the greatest common divisor of 387 and o.
43
Let z(v) = v**2 - 10*v + 13. Let w be z(11). What is the greatest common divisor of 240 and w?
24
Let g = 126 - 54. Suppose 22 = 4*a - 10. What is the highest common divisor of a and g?
8
Let j(q) = 5*q**3 + q**2. Let u be j(-1). Let l be 18 + u/(-6)*-3. What is the highest common divisor of l and 64?
16
Let l be 5*(56/20)/1. What is the greatest common factor of 7 and l?
7
Suppose -3 + 0 = b, l - 2*b - 30 = 0. Suppose -8*o + 30 = -3*o. What is the highest common divisor of l and o?
6
Let h(l) be the second derivative of -l**5/20 + l**4 + l**3/3 - 2*l**2 + 10*l. Let z be h(12). Calculate the highest common divisor of 20 and z.
20
Let n(v) = v + 5. Suppose 5*c + 4 = 4*c. Let t be n(c). What is the greatest common factor of 11 and t?
1
Let y be (0 - -1)/((-1)/(-5)). Suppose -3*d - 5*w + 45 = -d, -5 = -3*d + y*w. What is the highest common divisor of 110 and d?
10
Let l(c) = -c**2 - 17*c + 45. Let t be l(-19). What is the highest common divisor of t and 2?
1
Let x = 12 + -8. Let t = x + 1. Let s = -42 + 67. What is the greatest common divisor of t and s?
5
Let x(v) = -v**3 - 11*v**2. Let g be x(-11). Suppose -3*u - i + 6*i = -57, g = -2*u - i + 25. What is the highest common factor of u and 35?
7
Let w = -9 - -13. Suppose 40 = -3*j + 5*j. Suppose w*k - j = -k. Calculate the greatest common factor of k and 20.
4
Let h = 11 + 11. Let o be (-282)/(-22) + 4/h. What is the greatest common factor of 26 and o?
13
Let t be (-312)/(-18) + (-4)/3. What is the greatest common divisor of 4 and t?
4
Let s = -3 + 10. Let t be (-1)/2 - (-37)/2. Let z = t - 11. What is the highest common factor of s and z?
7
Let d = -4 - -19. Calculate the highest common divisor of 135 and d.
15
Suppose -23 + 263 = 3*x. Suppose 0 = m - 2*m + 32. What is the highest common factor of m and x?
16
Suppose -4*a = -8 - 8. Let l be (-12)/(-8) - (-138)/a. What is the greatest common divisor of 12 and l?
12
Suppose -67 = -g - 7. Let b be (29 - -1)*9/27. Suppose 2*t - 36 = 4*p, -3*t + 4*t + 5*p = -b. What is the greatest common factor of g and t?
10
Suppose -o + 0*v = -3*v - 20, 3*o + 4*v + 5 = 0. Suppose -r - 3*r - 5*z + 77 = 0, 94 = o*r + 4*z. What is the greatest common factor of 2 and r?
2
Suppose -3*t - 2*o = -21, -5*t - o + 9 + 19 = 0. Suppose 5 = 2*x + x + 5*y, -2*x + t*y + 20 = 0. What is the greatest common divisor of 55 and x?
5
Let m(a) = 48*a + 2. Let p be (-4)/7*42/(-12). Let q be m(p). Suppose -g = 2*g - 42. What is the greatest common factor of g and q?
14
Suppose d = 3*d + 38. Let f = -7 - d. Let q(o) = o**3 + 10*o**2 + o - 12. Let a be q(-9). Calculate the highest common factor of f and a.
12
Let j = 23 + -17. Calculate the highest common divisor of 3 and j.
3
Let d be 1 + (43 - (1 + 2)). Suppose d = 6*i + 11. Calculate the greatest common factor of 30 and i.
5
Suppose -4*t + 9*t - p = 119, -5*t + 95 = 5*p. What is the greatest common factor of 23 and t?
23
Let q be -1 - -5*(0 + 1). Suppose -9 = h - q*h. Calculate the highest common factor of 1 and h.
1
Suppose -4*i + 4*q + 7 = -41, 21 = 2*i - 3*q. What is the highest common factor of i and 45?
15
Let a(t) = -t**3 + 3*t**2 + 3*t + 3. Let g be a(-3). Suppose -5*h + 2*h - g = 0. Let y = h - -46. What is the greatest common divisor of 3 and y?
3
Let j be (-4 + 5)*(-11 + 1). Let k be 12/j*(-20)/8. What is the highest common divisor of 3 and k?
3
Suppose -5*n - 163 = -513. Calculate the highest common divisor of n and 10.
10
Suppose 22 = 6*a - 38. Let d(y) = -y - 4. Let s be d(-6). Suppose -3*j = -s*z - 43, -j = -5*z - 4 - 6. Calculate the highest common factor of a and j.
5
Let z(x) be the third derivative of x**4/8 - x**3/2 - 3*x**2. Let u be z(2). What is the highest common factor of 3 and u?
3
Let y = -54 - -92. Let w(r) = r**2 + 5*r + 13. Let i be w(-6). Calculate the greatest common divisor of y and i.
19
Suppose 3*w = -w + 36. Let f be ((-5)/(-5) - -53)/2. Calculate the greatest common divisor of f and w.
9
Let f be -3 + -2 + 8 + -1. Suppose 3*l - 2 = g - 0, l = f*g - 6. Let z = 2 + 2. Calculate the greatest common divisor of z and g.
4
Let o be -5 - -8 - (1 - 0). Let f = o - -10. Let x = f - 9. Calculate the greatest common factor of 15 and x.
3
Suppose 5*m - 306 - 744 = 0. Calculate the highest common factor of 60 and m.
30
Let p(a) = a**3 - 4*a**2 + 2*a - 5. Let g be p(4). Suppose g*o - 18 = 9. Let r = 20 + -14. What is the highest common divisor of r and o?
3
Let d(v) = 4*v**2 + 6*v + 14. Let u be d(-5). What is the greatest common divisor of u and 56?
28
Let r be 125/10*8/(-10). Let k(a) = -3*a - 2. Let j be k(-6). Let z be (r*j)/(-2) - 0. What is the highest common factor of z and 16?
16
Let n be (-2)/6 - 2/(-6). Let k be 15 + (-2 - n) + 0. Suppose -k = -3*t - 4*x, -2*x = 3*t + x - 15. Calculate the highest common divisor of t and 14.
7
Let g be (5/(-15))/(2/(-18)). What is the highest common factor of 9 and g?
3
Let g = -3 - -7. Suppose g*q + q - 26 = -2*f, 3*f - 44 = -5*q. Let b(s) = -s**2 - 23*s + 9. Let k be b(-23). What is the greatest common divisor of k and f?
9
Let w = -47 + 87. Calculate the highest common divisor of 8 and w.
8
Suppose 0*q = -3*q + 84. Suppose 0 = 4*m - 3 - 5. Suppose 3*w + m*x = 18, x - 21 = -3*w - 2*x. What is the greatest common factor of w and q?
4
Let j be 52/6*(-18)/(-12). What is the highest common divisor of j and 208?
13
Suppose 2*b - 522 = -0*b. Let v = b + -136. What is the highest common factor of 50 and v?
25
Suppose 5*s = -0*s + 15. Suppose 3*l = 0, -p + 36 = -s*l - 2*l. What is the greatest common factor of p and 4?
4
Suppose n - 4*n = 0. Let y = -7 + n. Let o be 6/y*(-42)/6. What is the highest common factor of o and 6?
6
Suppose -5 - 1 = 3*z. Let h be (-15)/z*384/20. Let k = -226 + 244. Calculate the highest common divisor of k and h.
18
Let b = 8 - 22. Let g be 0 - -2 - (b + -2). Calculate the highest common factor of g and 9.
9
Let a(x) = x**3 + 10*x**2 + 4*x + 13. Let q be a(-7). Calculate the highest common divisor of q and 12.
12
Suppose -u - 2*o - 2 = 0, 5*u - 3*o = 6 - 3. Suppose u*f - 530 = -5*f. Let x = f + -54. Calculate the greatest common divisor of 13 and x.
13
Suppose 5*y - 5 = 5*k, 3*k - 5*y + 0 = -11. Suppose 3*c + 3*o - 54 = 0, -k*c + 2*o = -76 + 7. What is the greatest common divisor of 14 and c?
7
Suppose -4*m + 16 = 3*g, 2*m - g - 8 = -0*g. Suppose -4*q + 0*q + 56 = m*c, q = -4*c + 2. Calculate the greatest common divisor of q and 6.
6
Let i = -4 - -5. Let f = i - -7. Calculate the greatest common factor of 40 and f.
8
Suppose -3*p - 183 = -5*d, 0 = 5*d + 2*p - 7*p - 175. Calculate the greatest common factor of d and 3.
3
Let d(l) = -l**2 - 5*l - 4. Let r be d(-3). Suppose -r*p + 32 = -0*p. Let x be 2/7 + 24/14. What is the highest common factor of p and x?
2
Let c = -4 + 7. Suppose c*h - 4*h = -55. What is the greatest common factor of h and 5?
5
Let j be ((-16)/20)/((-1)/(-45)). Let p = 55 + j. Calculate the highest common divisor of p and 19.
19
Let d(u) = -13*u + 31. Let y(b) = -6*b + 15. Let l(n) = -4*d(n) + 9*y(n). Let w be l(0). Calculate the greatest common factor of w and 99.
11
Let d = 7 - 4. Let r be 2/(-4)*(-2 - 0). Suppose -3*s = -5*l + 174, r = s + 4. What is the greatest common divisor of d and l?
3
Let p be (-4)/(4/(-46) + 0). Let i(h) = 3*h**2 - 7*h + 3. Let j be i(6). What is the greatest common factor of j and p?
23
Suppose 5*j - 141 = -3*y, j + 0*y - 42 = 4*y. What is the greatest common factor of 40 and j?
10
Let p be (-2)/5*225/(-3). Let r be p + ((-1)/(-1) - -1). Calculate the highest common divisor of 8 and r.
8
Let n be 1*(23 - 0/(-1)). What is the greatest common divisor of n and 161?
23
Let z be (((-88)/(-3))/(-2))/(7/(-42)). Let j = -105 - -152. Suppose 0 = o + 5*b +